{"id":8830,"date":"2021-01-17T12:27:41","date_gmt":"2021-01-17T12:27:41","guid":{"rendered":"https:\/\/olmogenova.com\/prodotto\/import-placeholder-for-7521\/"},"modified":"2021-01-17T12:27:43","modified_gmt":"2021-01-17T12:27:43","slug":"sigma-bc-8-12","status":"publish","type":"product","link":"https:\/\/olmogenova.com\/olmogenova-login\/tienda\/accessori\/sigma-bc-8-12\/","title":{"rendered":"Sigma BC 8.12"},"content":{"rendered":"<p>Sigma Sport rappresenta un\u2019azienda all\u2019avanguardia nel mondo dei ciclocomputer e i suoi prodotti si contraddistinguono per una solidit\u00e0 e un design completamente tedesco. Un\u2019azienda nata da poco pi\u00f9 di vent\u2019anni, ma che si \u00e8 fatta largo tra la concorrenza con modelli sempre pi\u00f9 avanzati e vicini alle esigenze di ogni ciclista. Il bello \u00e8 rappresentato dal fatto che l\u2019azienda non si sia interessata soltanto ai ciclisti professionisti, ma anche a quelli che sono alle prime armi e che rappresentano perfettamente coloro che vogliono spendere di meno per la loro passione, non perch\u00e9 non interessati, ma perch\u00e9 nessuno vorrebbe spendere tanto per dispositivi che usano poco o che non saprebbero utilizzare se troppo avanzati.<\/p>\n<p>In questi termini e con questo profilo in testa \u00e8 stato progettato e realizzato dall\u2019azienda tedesca il Sigma Sport BC 8.12. Un modello di ciclocomputer base, ma che presenta tutte quelle caratteristiche che un amatore si aspetterebbe di trovare in un modello del genere. Partendo dal design e come potrai apprezzare anche tu dalle foto, il dispositivo \u00e8 dotato di un aspetto molto semplice, lineare e sportivo. Se avesse il cinturino lo si potrebbe tranquillamente scambiare per un orologio sportivo da polso.<\/p>\n","protected":false},"excerpt":{"rendered":"<p>Sigma Sport rappresenta un\u2019azienda all\u2019avanguardia nel mondo dei ciclocomputer e i suoi prodotti si contraddistinguono per una solidit\u00e0 e un design completamente tedesco. Un\u2019azienda nata da poco pi\u00f9 di vent\u2019anni, ma che si \u00e8 fatta largo tra la concorrenza con modelli sempre pi\u00f9 avanzati e vicini alle esigenze di ogni ciclista. Il bello \u00e8 rappresentato &#8230; <a title=\"Sigma BC 8.12\" class=\"read-more\" href=\"https:\/\/olmogenova.com\/olmogenova-login\/tienda\/accessori\/sigma-bc-8-12\/\" aria-label=\"Leggi di pi\u00f9 su Sigma BC 8.12\">Leggi tutto<\/a><\/p>\n","protected":false},"featured_media":5867,"template":"","meta":[],"product_cat":[92],"product_tag":[],"yoast_head":"<!-- This site is optimized with the Yoast SEO plugin v18.3 - https:\/\/yoast.com\/wordpress\/plugins\/seo\/ -->\n<title>Sigma BC 8.12 - Olmo La Biciclissima<\/title>\n<meta name=\"robots\" content=\"index, follow, max-snippet:-1, max-image-preview:large, max-video-preview:-1\" \/>\n<link rel=\"canonical\" href=\"https:\/\/olmogenova.com\/olmogenova-login\/tienda\/accessori\/sigma-bc-8-12\/\" \/>\n<meta property=\"og:locale\" content=\"it_IT\" \/>\n<meta property=\"og:type\" content=\"article\" \/>\n<meta property=\"og:title\" content=\"Sigma BC 8.12 - Olmo La Biciclissima\" \/>\n<meta property=\"og:description\" content=\"Sigma Sport rappresenta un\u2019azienda all\u2019avanguardia nel mondo dei ciclocomputer e i suoi prodotti si contraddistinguono per una solidit\u00e0 e un design completamente tedesco. Un\u2019azienda nata da poco pi\u00f9 di vent\u2019anni, ma che si \u00e8 fatta largo tra la concorrenza con modelli sempre pi\u00f9 avanzati e vicini alle esigenze di ogni ciclista. Il bello \u00e8 rappresentato ... Leggi tutto\" \/>\n<meta property=\"og:url\" content=\"https:\/\/olmogenova.com\/olmogenova-login\/tienda\/accessori\/sigma-bc-8-12\/\" \/>\n<meta property=\"og:site_name\" content=\"Olmo La Biciclissima\" \/>\n<meta property=\"article:modified_time\" content=\"2021-01-17T12:27:43+00:00\" \/>\n<meta property=\"og:image\" content=\"https:\/\/olmogenova.com\/wp-content\/uploads\/2017\/05\/sigma_bc_8_12_Olmo_La_Biciclissima.jpg\" \/>\n\t<meta property=\"og:image:width\" content=\"600\" \/>\n\t<meta property=\"og:image:height\" content=\"600\" \/>\n\t<meta property=\"og:image:type\" content=\"image\/jpeg\" \/>\n<meta name=\"twitter:card\" content=\"summary_large_image\" \/>\n<meta name=\"twitter:label1\" content=\"Tempo di lettura stimato\" \/>\n\t<meta name=\"twitter:data1\" content=\"1 minuto\" \/>\n<script type=\"application\/ld+json\" class=\"yoast-schema-graph\">{\"@context\":\"https:\/\/schema.org\",\"@graph\":[{\"@type\":\"WebSite\",\"@id\":\"https:\/\/olmogenova.com\/olmogenova-login\/#website\",\"url\":\"https:\/\/olmogenova.com\/olmogenova-login\/\",\"name\":\"Olmo La Biciclissima\",\"description\":\"Genova\",\"potentialAction\":[{\"@type\":\"SearchAction\",\"target\":{\"@type\":\"EntryPoint\",\"urlTemplate\":\"https:\/\/olmogenova.com\/olmogenova-login\/?s={search_term_string}\"},\"query-input\":\"required name=search_term_string\"}],\"inLanguage\":\"it-IT\"},{\"@type\":\"ImageObject\",\"@id\":\"https:\/\/olmogenova.com\/olmogenova-login\/tienda\/accessori\/sigma-bc-8-12\/#primaryimage\",\"inLanguage\":\"it-IT\",\"url\":\"https:\/\/olmogenova.com\/wp-content\/uploads\/2017\/05\/sigma_bc_8_12_Olmo_La_Biciclissima.jpg\",\"contentUrl\":\"https:\/\/olmogenova.com\/wp-content\/uploads\/2017\/05\/sigma_bc_8_12_Olmo_La_Biciclissima.jpg\",\"width\":600,\"height\":600,\"caption\":\"sigma_bc_8_12_Olmo_La_Biciclissima_01\"},{\"@type\":\"WebPage\",\"@id\":\"https:\/\/olmogenova.com\/olmogenova-login\/tienda\/accessori\/sigma-bc-8-12\/#webpage\",\"url\":\"https:\/\/olmogenova.com\/olmogenova-login\/tienda\/accessori\/sigma-bc-8-12\/\",\"name\":\"Sigma BC 8.12 - Olmo La Biciclissima\",\"isPartOf\":{\"@id\":\"https:\/\/olmogenova.com\/olmogenova-login\/#website\"},\"primaryImageOfPage\":{\"@id\":\"https:\/\/olmogenova.com\/olmogenova-login\/tienda\/accessori\/sigma-bc-8-12\/#primaryimage\"},\"datePublished\":\"2021-01-17T12:27:41+00:00\",\"dateModified\":\"2021-01-17T12:27:43+00:00\",\"breadcrumb\":{\"@id\":\"https:\/\/olmogenova.com\/olmogenova-login\/tienda\/accessori\/sigma-bc-8-12\/#breadcrumb\"},\"inLanguage\":\"it-IT\",\"potentialAction\":[{\"@type\":\"ReadAction\",\"target\":[\"https:\/\/olmogenova.com\/olmogenova-login\/tienda\/accessori\/sigma-bc-8-12\/\"]}]},{\"@type\":\"BreadcrumbList\",\"@id\":\"https:\/\/olmogenova.com\/olmogenova-login\/tienda\/accessori\/sigma-bc-8-12\/#breadcrumb\",\"itemListElement\":[{\"@type\":\"ListItem\",\"position\":1,\"name\":\"Home\",\"item\":\"https:\/\/olmogenova.com\/olmogenova-login\/\"},{\"@type\":\"ListItem\",\"position\":2,\"name\":\"Tienda\",\"item\":\"https:\/\/olmogenova.com\/olmogenova-login\/tienda\/\"},{\"@type\":\"ListItem\",\"position\":3,\"name\":\"Sigma BC 8.12\"}]}]}<\/script>\n<!-- \/ Yoast SEO plugin. -->","yoast_head_json":{"title":"Sigma BC 8.12 - Olmo La Biciclissima","robots":{"index":"index","follow":"follow","max-snippet":"max-snippet:-1","max-image-preview":"max-image-preview:large","max-video-preview":"max-video-preview:-1"},"canonical":"https:\/\/olmogenova.com\/olmogenova-login\/tienda\/accessori\/sigma-bc-8-12\/","og_locale":"it_IT","og_type":"article","og_title":"Sigma BC 8.12 - Olmo La Biciclissima","og_description":"Sigma Sport rappresenta un\u2019azienda all\u2019avanguardia nel mondo dei ciclocomputer e i suoi prodotti si contraddistinguono per una solidit\u00e0 e un design completamente tedesco. Un\u2019azienda nata da poco pi\u00f9 di vent\u2019anni, ma che si \u00e8 fatta largo tra la concorrenza con modelli sempre pi\u00f9 avanzati e vicini alle esigenze di ogni ciclista. Il bello \u00e8 rappresentato ... Leggi tutto","og_url":"https:\/\/olmogenova.com\/olmogenova-login\/tienda\/accessori\/sigma-bc-8-12\/","og_site_name":"Olmo La Biciclissima","article_modified_time":"2021-01-17T12:27:43+00:00","og_image":[{"width":600,"height":600,"url":"https:\/\/olmogenova.com\/wp-content\/uploads\/2017\/05\/sigma_bc_8_12_Olmo_La_Biciclissima.jpg","type":"image\/jpeg"}],"twitter_card":"summary_large_image","twitter_misc":{"Tempo di lettura stimato":"1 minuto"},"schema":{"@context":"https:\/\/schema.org","@graph":[{"@type":"WebSite","@id":"https:\/\/olmogenova.com\/olmogenova-login\/#website","url":"https:\/\/olmogenova.com\/olmogenova-login\/","name":"Olmo La Biciclissima","description":"Genova","potentialAction":[{"@type":"SearchAction","target":{"@type":"EntryPoint","urlTemplate":"https:\/\/olmogenova.com\/olmogenova-login\/?s={search_term_string}"},"query-input":"required name=search_term_string"}],"inLanguage":"it-IT"},{"@type":"ImageObject","@id":"https:\/\/olmogenova.com\/olmogenova-login\/tienda\/accessori\/sigma-bc-8-12\/#primaryimage","inLanguage":"it-IT","url":"https:\/\/olmogenova.com\/wp-content\/uploads\/2017\/05\/sigma_bc_8_12_Olmo_La_Biciclissima.jpg","contentUrl":"https:\/\/olmogenova.com\/wp-content\/uploads\/2017\/05\/sigma_bc_8_12_Olmo_La_Biciclissima.jpg","width":600,"height":600,"caption":"sigma_bc_8_12_Olmo_La_Biciclissima_01"},{"@type":"WebPage","@id":"https:\/\/olmogenova.com\/olmogenova-login\/tienda\/accessori\/sigma-bc-8-12\/#webpage","url":"https:\/\/olmogenova.com\/olmogenova-login\/tienda\/accessori\/sigma-bc-8-12\/","name":"Sigma BC 8.12 - Olmo La Biciclissima","isPartOf":{"@id":"https:\/\/olmogenova.com\/olmogenova-login\/#website"},"primaryImageOfPage":{"@id":"https:\/\/olmogenova.com\/olmogenova-login\/tienda\/accessori\/sigma-bc-8-12\/#primaryimage"},"datePublished":"2021-01-17T12:27:41+00:00","dateModified":"2021-01-17T12:27:43+00:00","breadcrumb":{"@id":"https:\/\/olmogenova.com\/olmogenova-login\/tienda\/accessori\/sigma-bc-8-12\/#breadcrumb"},"inLanguage":"it-IT","potentialAction":[{"@type":"ReadAction","target":["https:\/\/olmogenova.com\/olmogenova-login\/tienda\/accessori\/sigma-bc-8-12\/"]}]},{"@type":"BreadcrumbList","@id":"https:\/\/olmogenova.com\/olmogenova-login\/tienda\/accessori\/sigma-bc-8-12\/#breadcrumb","itemListElement":[{"@type":"ListItem","position":1,"name":"Home","item":"https:\/\/olmogenova.com\/olmogenova-login\/"},{"@type":"ListItem","position":2,"name":"Tienda","item":"https:\/\/olmogenova.com\/olmogenova-login\/tienda\/"},{"@type":"ListItem","position":3,"name":"Sigma BC 8.12"}]}]}},"_links":{"self":[{"href":"https:\/\/olmogenova.com\/olmogenova-login\/wp-json\/wp\/v2\/product\/8830"}],"collection":[{"href":"https:\/\/olmogenova.com\/olmogenova-login\/wp-json\/wp\/v2\/product"}],"about":[{"href":"https:\/\/olmogenova.com\/olmogenova-login\/wp-json\/wp\/v2\/types\/product"}],"version-history":[{"count":1,"href":"https:\/\/olmogenova.com\/olmogenova-login\/wp-json\/wp\/v2\/product\/8830\/revisions"}],"predecessor-version":[{"id":8855,"href":"https:\/\/olmogenova.com\/olmogenova-login\/wp-json\/wp\/v2\/product\/8830\/revisions\/8855"}],"wp:featuredmedia":[{"embeddable":true,"href":"https:\/\/olmogenova.com\/olmogenova-login\/wp-json\/wp\/v2\/media\/5867"}],"wp:attachment":[{"href":"https:\/\/olmogenova.com\/olmogenova-login\/wp-json\/wp\/v2\/media?parent=8830"}],"wp:term":[{"taxonomy":"product_cat","embeddable":true,"href":"https:\/\/olmogenova.com\/olmogenova-login\/wp-json\/wp\/v2\/product_cat?post=8830"},{"taxonomy":"product_tag","embeddable":true,"href":"https:\/\/olmogenova.com\/olmogenova-login\/wp-json\/wp\/v2\/product_tag?post=8830"}],"curies":[{"name":"wp","href":"https:\/\/api.w.org\/{rel}","templated":true}]}}