{"id":8882,"date":"2021-01-17T12:27:46","date_gmt":"2021-01-17T12:27:46","guid":{"rendered":"https:\/\/olmogenova.com\/prodotto\/import-placeholder-for-7548\/"},"modified":"2021-01-17T12:27:49","modified_gmt":"2021-01-17T12:27:49","slug":"casco-met-manta","status":"publish","type":"product","link":"https:\/\/olmogenova.com\/olmogenova-login\/tienda\/cycling-apparel\/casco-met-manta\/","title":{"rendered":"Casco MET Manta"},"content":{"rendered":"<p>Pilastro del Tour de France ed eccezionalmente aerodinamico, il MET Manta \u00e8 stato progettato per fornire prestazioni senza precedenti negli ambienti pi\u00f9 competitivi.<br \/>\nMET Manta \u00e8 testato in galleria del vento, e consente di risparmiare 10 watt a 50 km\/h rispetto ad altri caschi da strada.<br \/>\nIl design \u00e8 tutto, non solo nello stile ma anche a livello funzionale.<br \/>\nIl posizionamento ideale delle feritoie e la presa d\u2019aria NACA mantengono fresca la testa del ciclista, senza aumentare la resistenza aerodinamica esterna.<\/p>\n","protected":false},"excerpt":{"rendered":"<p>Pilastro del Tour de France ed eccezionalmente aerodinamico, il MET Manta \u00e8 stato progettato per fornire prestazioni senza precedenti negli ambienti pi\u00f9 competitivi. MET Manta \u00e8 testato in galleria del vento, e consente di risparmiare 10 watt a 50 km\/h rispetto ad altri caschi da strada. Il design \u00e8 tutto, non solo nello stile ma &#8230; <a title=\"Casco MET Manta\" class=\"read-more\" href=\"https:\/\/olmogenova.com\/olmogenova-login\/tienda\/cycling-apparel\/casco-met-manta\/\" aria-label=\"Leggi di pi\u00f9 su Casco MET Manta\">Leggi tutto<\/a><\/p>\n","protected":false},"featured_media":5989,"template":"","meta":[],"product_cat":[91],"product_tag":[],"yoast_head":"<!-- This site is optimized with the Yoast SEO plugin v18.3 - https:\/\/yoast.com\/wordpress\/plugins\/seo\/ -->\n<title>Casco MET Manta - Olmo La Biciclissima<\/title>\n<meta name=\"robots\" content=\"index, follow, max-snippet:-1, max-image-preview:large, max-video-preview:-1\" \/>\n<link rel=\"canonical\" href=\"https:\/\/olmogenova.com\/olmogenova-login\/tienda\/cycling-apparel\/casco-met-manta\/\" \/>\n<meta property=\"og:locale\" content=\"it_IT\" \/>\n<meta property=\"og:type\" content=\"article\" \/>\n<meta property=\"og:title\" content=\"Casco MET Manta - Olmo La Biciclissima\" \/>\n<meta property=\"og:description\" content=\"Pilastro del Tour de France ed eccezionalmente aerodinamico, il MET Manta \u00e8 stato progettato per fornire prestazioni senza precedenti negli ambienti pi\u00f9 competitivi. MET Manta \u00e8 testato in galleria del vento, e consente di risparmiare 10 watt a 50 km\/h rispetto ad altri caschi da strada. Il design \u00e8 tutto, non solo nello stile ma ... Leggi tutto\" \/>\n<meta property=\"og:url\" content=\"https:\/\/olmogenova.com\/olmogenova-login\/tienda\/cycling-apparel\/casco-met-manta\/\" \/>\n<meta property=\"og:site_name\" content=\"Olmo La Biciclissima\" \/>\n<meta property=\"article:modified_time\" content=\"2021-01-17T12:27:49+00:00\" \/>\n<meta property=\"og:image\" content=\"https:\/\/olmogenova.com\/wp-content\/uploads\/2017\/06\/casco_met_blue_grass_manta_Olmo.jpg\" \/>\n\t<meta property=\"og:image:width\" content=\"600\" \/>\n\t<meta property=\"og:image:height\" content=\"600\" \/>\n\t<meta property=\"og:image:type\" content=\"image\/jpeg\" \/>\n<meta name=\"twitter:card\" content=\"summary_large_image\" \/>\n<script type=\"application\/ld+json\" class=\"yoast-schema-graph\">{\"@context\":\"https:\/\/schema.org\",\"@graph\":[{\"@type\":\"WebSite\",\"@id\":\"https:\/\/olmogenova.com\/olmogenova-login\/#website\",\"url\":\"https:\/\/olmogenova.com\/olmogenova-login\/\",\"name\":\"Olmo La Biciclissima\",\"description\":\"Genova\",\"potentialAction\":[{\"@type\":\"SearchAction\",\"target\":{\"@type\":\"EntryPoint\",\"urlTemplate\":\"https:\/\/olmogenova.com\/olmogenova-login\/?s={search_term_string}\"},\"query-input\":\"required name=search_term_string\"}],\"inLanguage\":\"it-IT\"},{\"@type\":\"ImageObject\",\"@id\":\"https:\/\/olmogenova.com\/olmogenova-login\/tienda\/cycling-apparel\/casco-met-manta\/#primaryimage\",\"inLanguage\":\"it-IT\",\"url\":\"https:\/\/olmogenova.com\/wp-content\/uploads\/2017\/06\/casco_met_blue_grass_manta_Olmo.jpg\",\"contentUrl\":\"https:\/\/olmogenova.com\/wp-content\/uploads\/2017\/06\/casco_met_blue_grass_manta_Olmo.jpg\",\"width\":600,\"height\":600,\"caption\":\"casco_met_blue_grass_manta_Olmo\"},{\"@type\":\"WebPage\",\"@id\":\"https:\/\/olmogenova.com\/olmogenova-login\/tienda\/cycling-apparel\/casco-met-manta\/#webpage\",\"url\":\"https:\/\/olmogenova.com\/olmogenova-login\/tienda\/cycling-apparel\/casco-met-manta\/\",\"name\":\"Casco MET Manta - Olmo La Biciclissima\",\"isPartOf\":{\"@id\":\"https:\/\/olmogenova.com\/olmogenova-login\/#website\"},\"primaryImageOfPage\":{\"@id\":\"https:\/\/olmogenova.com\/olmogenova-login\/tienda\/cycling-apparel\/casco-met-manta\/#primaryimage\"},\"datePublished\":\"2021-01-17T12:27:46+00:00\",\"dateModified\":\"2021-01-17T12:27:49+00:00\",\"breadcrumb\":{\"@id\":\"https:\/\/olmogenova.com\/olmogenova-login\/tienda\/cycling-apparel\/casco-met-manta\/#breadcrumb\"},\"inLanguage\":\"it-IT\",\"potentialAction\":[{\"@type\":\"ReadAction\",\"target\":[\"https:\/\/olmogenova.com\/olmogenova-login\/tienda\/cycling-apparel\/casco-met-manta\/\"]}]},{\"@type\":\"BreadcrumbList\",\"@id\":\"https:\/\/olmogenova.com\/olmogenova-login\/tienda\/cycling-apparel\/casco-met-manta\/#breadcrumb\",\"itemListElement\":[{\"@type\":\"ListItem\",\"position\":1,\"name\":\"Home\",\"item\":\"https:\/\/olmogenova.com\/olmogenova-login\/\"},{\"@type\":\"ListItem\",\"position\":2,\"name\":\"Tienda\",\"item\":\"https:\/\/olmogenova.com\/olmogenova-login\/tienda\/\"},{\"@type\":\"ListItem\",\"position\":3,\"name\":\"Casco MET Manta\"}]}]}<\/script>\n<!-- \/ Yoast SEO plugin. -->","yoast_head_json":{"title":"Casco MET Manta - Olmo La Biciclissima","robots":{"index":"index","follow":"follow","max-snippet":"max-snippet:-1","max-image-preview":"max-image-preview:large","max-video-preview":"max-video-preview:-1"},"canonical":"https:\/\/olmogenova.com\/olmogenova-login\/tienda\/cycling-apparel\/casco-met-manta\/","og_locale":"it_IT","og_type":"article","og_title":"Casco MET Manta - Olmo La Biciclissima","og_description":"Pilastro del Tour de France ed eccezionalmente aerodinamico, il MET Manta \u00e8 stato progettato per fornire prestazioni senza precedenti negli ambienti pi\u00f9 competitivi. MET Manta \u00e8 testato in galleria del vento, e consente di risparmiare 10 watt a 50 km\/h rispetto ad altri caschi da strada. Il design \u00e8 tutto, non solo nello stile ma ... Leggi tutto","og_url":"https:\/\/olmogenova.com\/olmogenova-login\/tienda\/cycling-apparel\/casco-met-manta\/","og_site_name":"Olmo La Biciclissima","article_modified_time":"2021-01-17T12:27:49+00:00","og_image":[{"width":600,"height":600,"url":"https:\/\/olmogenova.com\/wp-content\/uploads\/2017\/06\/casco_met_blue_grass_manta_Olmo.jpg","type":"image\/jpeg"}],"twitter_card":"summary_large_image","schema":{"@context":"https:\/\/schema.org","@graph":[{"@type":"WebSite","@id":"https:\/\/olmogenova.com\/olmogenova-login\/#website","url":"https:\/\/olmogenova.com\/olmogenova-login\/","name":"Olmo La Biciclissima","description":"Genova","potentialAction":[{"@type":"SearchAction","target":{"@type":"EntryPoint","urlTemplate":"https:\/\/olmogenova.com\/olmogenova-login\/?s={search_term_string}"},"query-input":"required name=search_term_string"}],"inLanguage":"it-IT"},{"@type":"ImageObject","@id":"https:\/\/olmogenova.com\/olmogenova-login\/tienda\/cycling-apparel\/casco-met-manta\/#primaryimage","inLanguage":"it-IT","url":"https:\/\/olmogenova.com\/wp-content\/uploads\/2017\/06\/casco_met_blue_grass_manta_Olmo.jpg","contentUrl":"https:\/\/olmogenova.com\/wp-content\/uploads\/2017\/06\/casco_met_blue_grass_manta_Olmo.jpg","width":600,"height":600,"caption":"casco_met_blue_grass_manta_Olmo"},{"@type":"WebPage","@id":"https:\/\/olmogenova.com\/olmogenova-login\/tienda\/cycling-apparel\/casco-met-manta\/#webpage","url":"https:\/\/olmogenova.com\/olmogenova-login\/tienda\/cycling-apparel\/casco-met-manta\/","name":"Casco MET Manta - Olmo La Biciclissima","isPartOf":{"@id":"https:\/\/olmogenova.com\/olmogenova-login\/#website"},"primaryImageOfPage":{"@id":"https:\/\/olmogenova.com\/olmogenova-login\/tienda\/cycling-apparel\/casco-met-manta\/#primaryimage"},"datePublished":"2021-01-17T12:27:46+00:00","dateModified":"2021-01-17T12:27:49+00:00","breadcrumb":{"@id":"https:\/\/olmogenova.com\/olmogenova-login\/tienda\/cycling-apparel\/casco-met-manta\/#breadcrumb"},"inLanguage":"it-IT","potentialAction":[{"@type":"ReadAction","target":["https:\/\/olmogenova.com\/olmogenova-login\/tienda\/cycling-apparel\/casco-met-manta\/"]}]},{"@type":"BreadcrumbList","@id":"https:\/\/olmogenova.com\/olmogenova-login\/tienda\/cycling-apparel\/casco-met-manta\/#breadcrumb","itemListElement":[{"@type":"ListItem","position":1,"name":"Home","item":"https:\/\/olmogenova.com\/olmogenova-login\/"},{"@type":"ListItem","position":2,"name":"Tienda","item":"https:\/\/olmogenova.com\/olmogenova-login\/tienda\/"},{"@type":"ListItem","position":3,"name":"Casco MET Manta"}]}]}},"_links":{"self":[{"href":"https:\/\/olmogenova.com\/olmogenova-login\/wp-json\/wp\/v2\/product\/8882"}],"collection":[{"href":"https:\/\/olmogenova.com\/olmogenova-login\/wp-json\/wp\/v2\/product"}],"about":[{"href":"https:\/\/olmogenova.com\/olmogenova-login\/wp-json\/wp\/v2\/types\/product"}],"version-history":[{"count":1,"href":"https:\/\/olmogenova.com\/olmogenova-login\/wp-json\/wp\/v2\/product\/8882\/revisions"}],"predecessor-version":[{"id":8912,"href":"https:\/\/olmogenova.com\/olmogenova-login\/wp-json\/wp\/v2\/product\/8882\/revisions\/8912"}],"wp:featuredmedia":[{"embeddable":true,"href":"https:\/\/olmogenova.com\/olmogenova-login\/wp-json\/wp\/v2\/media\/5989"}],"wp:attachment":[{"href":"https:\/\/olmogenova.com\/olmogenova-login\/wp-json\/wp\/v2\/media?parent=8882"}],"wp:term":[{"taxonomy":"product_cat","embeddable":true,"href":"https:\/\/olmogenova.com\/olmogenova-login\/wp-json\/wp\/v2\/product_cat?post=8882"},{"taxonomy":"product_tag","embeddable":true,"href":"https:\/\/olmogenova.com\/olmogenova-login\/wp-json\/wp\/v2\/product_tag?post=8882"}],"curies":[{"name":"wp","href":"https:\/\/api.w.org\/{rel}","templated":true}]}}